culate the remainder when 742 is divided by 44.
38
What is the remainder when 34 is divided by 10?
4
Calculate the remainder when 153 is divided by 39.
36
Calculate the remainder when 2473 is divided by 67.
61
Calculate the remainder when 375 is divided by 82.
47
What is the remainder when 23 is divided by 14?
9
What is the remainder when 258 is divided by 10?
8
What is the remainder when 53 is divided by 14?
11
What is the remainder when 296 is divided by 61?
52
What is the remainder when 347 is divided by 118?
111
Calculate the remainder when 2160 is divided by 19.
13
What is the remainder when 8190 is divided by 128?
126
What is the remainder when 970 is divided by 25?
20
What is the remainder when 3464 is divided by 11?
10
What is the remainder when 1270 is divided by 256?
246
Calculate the remainder when 68 is divided by 52.
16
Calculate the remainder when 129 is divided by 53.
23
Calculate the remainder when 158 is divided by 23.
20
What is the remainder when 124 is divided by 16?
12
What is the remainder when 1496 is divided by 27?
11
Calculate the remainder when 366 is divided by 72.
6
Calculate the remainder when 5190 is divided by 648.
6
What is the remainder when 832 is divided by 402?
28
What is the remainder when 1023 is divided by 27?
24
What is the remainder when 5013 is divided by 8?
5
Calculate the remainder when 706 is divided by 59.
57
Calculate the remainder when 268 is divided by 16.
12
Calculate the remainder when 504 is divided by 5.
4
What is the remainder when 142 is divided by 15?
7
What is the remainder when 4102 is divided by 12?
10
What is the remainder when 700 is divided by 214?
58
Calculate the remainder when 86 is divided by 67.
19
Calculate the remainder when 1542 is divided by 34.
12
Calculate the remainder when 568 is divided by 38.
36
Calculate the remainder when 6102 is divided by 15.
12
Calculate the remainder when 159 is divided by 23.
21
Calculate the remainder when 170 is divided by 43.
41
Calculate the remainder when 252 is divided by 104.
44
What is the remainder when 212 is divided by 49?
16
Calculate the remainder when 6334 is divided by 176.
174
What is the remainder when 26 is divided by 10?
6
Calculate the remainder when 186 is divided by 59.
9
Calculate the remainder when 323 is divided by 71.
39
What is the remainder when 79 is divided by 15?
4
Calculate the remainder when 57 is divided by 17.
6
What is the remainder when 3858 is divided by 133?
1
Calculate the remainder when 1514 is divided by 37.
34
Calculate the remainder when 272 is divided by 128.
16
Calculate the remainder when 694 is divided by 39.
31
What is the remainder when 218 is divided by 70?
8
What is the remainder when 299 is divided by 32?
11
Calculate the remainder when 152 is divided by 38.
0
Calculate the remainder when 2717 is divided by 193.
15
Calculate the remainder when 3151 is divided by 113.
100
Calculate the remainder when 289 is divided by 106.
77
Calculate the remainder when 94 is divided by 53.
41
What is the remainder when 388 is divided by 23?
20
Calculate the remainder when 2179 is divided by 87.
4
What is the remainder when 183 is divided by 34?
13
Calculate the remainder when 57 is divided by 48.
9
Calculate the remainder when 4701 is divided by 28.
25
What is the remainder when 1671 is divided by 27?
24
What is the remainder when 652 is divided by 650?
2
Calculate the remainder when 7639 is divided by 283.
281
Calculate the remainder when 2088 is divided by 175.
163
What is the remainder when 107 is divided by 12?
11
What is the remainder when 343 is divided by 101?
40
Calculate the remainder when 66 is divided by 26.
14
Calculate the remainder when 408 is divided by 83.
76
What is the remainder when 172 is divided by 45?
37
Calculate the remainder when 316 is divided by 86.
58
Calculate the remainder when 368 is divided by 42.
32
Calculate the remainder when 167 is divided by 26.
11
Calculate the remainder when 21 is divided by 16.
5
What is the remainder when 147 is divided by 51?
45
What is the remainder when 865 is divided by 176?
161
What is the remainder when 130 is divided by 24?
10
Calculate the remainder when 1186 is divided by 44.
42
What is the remainder when 1073 is divided by 11?
6
What is the remainder when 673 is divided by 4?
1
What is the remainder when 35 is divided by 23?
12
What is the remainder when 406 is divided by 51?
49
Calculate the remainder when 538 is divided by 12.
10
What is the remainder when 2272 is divided by 126?
4
Calculate the remainder when 727 is divided by 13.
12
What is the remainder when 185 is divided by 66?
53
Calculate the remainder when 352 is divided by 57.
10
Calculate the remainder when 88 is divided by 11.
0
Calculate the remainder when 2077 is divided by 20.
17
What is the remainder when 662 is divided by 35?
32
Calculate the remainder when 239 is divided by 61.
56
What is the remainder when 6360 is divided by 45?
15
What is the remainder when 543 is divided by 26?
23
What is the remainder when 1598 is divided by 18?
14
Calculate the remainder when 187 is divided by 179.
8
What is the remainder when 117 is divided by 48?
21
What is the remainder when 3182 is divided by 355?
342
Calculate the remainder when 493 is divided by 140.
73
What is the remainder when 3276 is divided by 51?
12
Calculate the remainder when 1134 is divided by 281.
10
Calculate the remainder when 556 is divided by 183.
7
What is the remainder when 4320 is divided by 309?
303
Calculate the remainder when 94 is divided by 31.
1
Calculate the remainder when 442 is divided by 39.
13
Calculate the remainder when 2345 is divided by 51.
50
Calculate the remainder when 1027 is divided by 95.
77
Calculate the remainder when 2537 is divided by 22.
7
Calculate the remainder when 97 is divided by 52.
45
What is the remainder when 3943 is divided by 8?
7
Calculate the remainder when 613 is divided by 154.
151
What is the remainder when 146 is divided by 33?
14
Calculate the remainder when 9933 is divided by 88.
77
What is the remainder when 477 is divided by 30?
27
What is the remainder when 684 is divided by 69?
63
What is the remainder when 687 is divided by 69?
66
Calculate the remainder when 592 is divided by 155.
127
Calculate the remainder when 48 is divided by 14.
6
What is the remainder when 724 is divided by 13?
9
What is the remainder when 381 is divided by 48?
45
What is the remainder when 678 is divided by 138?
126
What is the remainder when 697 is divided by 33?
4
What is the remainder when 1165 is divided by 90?
85
Calculate the remainder when 381 is divided by 16.
13
What is the remainder when 1604 is divided by 520?
44
What is the remainder when 2770 is divided by 17?
16
What is the remainder when 2330 is divided by 261?
242
Calculate the remainder when 959 is divided by 310.
29
Calculate the remainder when 549 is divided by 62.
53
What is the remainder when 2424 is divided by 25?
24
Calculate the remainder when 436 is divided by 55.
51
Calculate the remainder when 537 is divided by 109.
101
What is the remainder when 222 is divided by 77?
68
What is the remainder when 407 is divided by 128?
23
What is the remainder when 97 is divided by 36?
25
What is the remainder when 670 is divided by 42?
40
What is the remainder when 745 is divided by 22?
19
Calculate the remainder when 3187 is divided by 14.
9
Calculate the remainder when 331 is divided by 109.
4
What is the remainder when 1826 is divided by 7?
6
Calculate the remainder when 149 is divided by 36.
5
Calculate the remainder when 85 is divided by 24.
13
Calculate the remainder when 611 is divided by 17.
16
Calculate the remainder when 1374 is divided by 273.
9
Calculate the remainder when 3358 is divided by 10.
8
What is the remainder when 990 is divided by 328?
6
Calculate the remainder when 26 is divided by 8.
2
Calculate the remainder when 804 is divided by 116.
108
What is the remainder when 443 is divided by 28?
23
Calculate the remainder when 81 is divided by 73.
8
What is the remainder when 618 is divided by 103?
0
Calculate the remainder when 565 is divided by 11.
4
What is the remainder when 575 is divided by 72?
71
What is the remainder when 1014 is divided by 35?
34
What is the remainder when 5823 is divided by 969